4*p + 16 = 2*d. Calculate the highest common divisor of d and 2.
2
Let h be (-2)/(((-6)/(-44))/((-27)/12)). Calculate the greatest common divisor of h and 363.
33
Let w be 31 + 2/(1 + -3). Let c be (w/(-4))/((-12)/16). Calculate the greatest common factor of c and 70.
10
Suppose -4*a = -10 - 6. Let d(h) = h + 4. Let m be d(0). Suppose 0 = 4*i + 5*n - 23, m*n + 20 = 0. Calculate the highest common divisor of a and i.
4
Let s be ((-3)/9)/(1/(-9)). Calculate the greatest common factor of 3 and s.
3
Suppose -5*f = 10, -5*b - 4*f + 170 = f. Calculate the greatest common factor of 60 and b.
12
Let h be 0 - (-58 - (1 - -1)). Calculate the greatest common factor of h and 24.
12
Suppose 0 = -6*c + 3*c. Suppose y + y - 160 = c. What is the greatest common factor of 16 and y?
16
Let o(u) = 17*u + 6. Suppose -9 = -5*b + 16. Let x be o(b). Calculate the highest common divisor of x and 13.
13
Suppose 2*n - 242 - 100 = 0. What is the greatest common factor of 19 and n?
19
Let c = 10 + -6. Suppose -4*n - 2 + 14 = -c*v, 0 = -3*v + 6. Calculate the highest common factor of 2 and n.
1
Let l be 3 - (-6)/(-2) - -39. Let z be (16/(-12))/((-2)/(-30)). Let t = z + 33. What is the greatest common divisor of t and l?
13
Let l(k) = -k - 3. Let u be l(-8). Let f = u + -4. Let n be (12/(-18))/((-1)/3). Calculate the greatest common factor of f and n.
1
Let p be -5 + 54 + 0 + 3. What is the greatest common factor of 13 and p?
13
Suppose 5*x = 3 + 2. Let k = x - 2. Let a = k - -3. What is the greatest common divisor of 1 and a?
1
Let x = 13 - -1. Let i = x - 8. Let r = 20 - 11. Calculate the greatest common divisor of r and i.
3
Let c(p) = 2*p**2 + p**2 - 2*p**2 - 4 + 2 + 2*p. Let i be c(-3). Let v be 2*(-3)/(-2)*i. Calculate the greatest common factor of v and 27.
3
Let w be 20*((-2)/8 - -3). Suppose 0*c + 22 = c. What is the highest common factor of c and w?
11
Suppose 3*s + 21 = -y + 4*s, -2*s = 4*y + 60. Let v = 5 + y. Let z be ((-49)/2)/(6/v). Calculate the highest common factor of z and 7.
7
Let x = 12 + 21. Calculate the greatest common factor of x and 22.
11
Suppose -3*b + 192 = -237. Let u(t) = t + 22. Let l be 18*((-10)/5)/4. Let n be u(l). What is the greatest common factor of b and n?
13
Suppose t + 3 = u, 0*t = -3*u - 5*t + 17. Suppose -u*b + 212 = 5*g, 5*g + b = 5*b + 228. Calculate the highest common divisor of g and 11.
11
Let n be 5 + 0 - 0 - -3. Let t = -5 + n. Suppose -t*o + q + 23 = 0, -49 = -4*o - o - q. What is the greatest common divisor of o and 36?
9
Suppose 2*z - 7*z = -45. Calculate the highest common factor of 6 and z.
3
Let r be ((-3)/2)/((-6)/8). Suppose -r*d + 21 + 33 = 0. What is the highest common factor of 18 and d?
9
Let b(g) = -3*g + 12. Let k be b(-18). Calculate the highest common factor of 6 and k.
6
Let p(i) = -i - 6. Let y be p(-9). Suppose -y*v + 125 = -10. What is the greatest common divisor of 15 and v?
15
Let r = 7 + -3. Suppose 2*n = -2*d + 4, -r = -4*d + 2*n + 16. Suppose 130 = d*z - l, 5*z - l - 155 = 4*l. Calculate the highest common divisor of 22 and z.
11
Suppose 0 = 2*s - s - q - 160, 0 = 4*s - 2*q - 640. Suppose -4*j = -6*i + 3*i + 68, -5*j = 2*i - 30. What is the greatest common factor of i and s?
20
Suppose 84 = -4*z + 7*z. Suppose 3*h + 2*h - 73 = -3*v, -41 = -3*h + v. What is the highest common divisor of h and z?
14
Let q be (-2)/6 - (-28)/12. Let p be (-84)/(-6) + (q - 1). What is the greatest common divisor of p and 5?
5
Let b(n) = -9*n**3 + n. Let z be b(1). Let j(u) = -u**2 - 18*u - 12. Let x be j(z). What is the highest common factor of x and 17?
17
Let f = 37 + -16. Calculate the greatest common divisor of 21 and f.
21
Let y = 35 + -21. What is the highest common factor of 154 and y?
14
Let x be ((5544/30)/11)/((-6)/(-20)). Suppose -2*f + 28 = 4*b, -4*f - 2*b + 44 - 6 = 0. What is the greatest common factor of x and f?
8
Let i(q) = q**2 - 2*q + 2. Let z be i(3). Suppose 0 = z*y - 0*y - 110. What is the highest common factor of 11 and y?
11
Suppose -2*b = -6*b + 72. Let w = b + 14. What is the greatest common factor of 48 and w?
16
Let v(z) = 65*z**2 - 2*z + 1. Suppose 0 = -5*l - 3*y + 10 - 2, -5*l = -2*y - 3. Let r be v(l). What is the highest common divisor of 8 and r?
8
Let x(z) = -z**2 + 7*z - 7. Suppose -16 = -11*s + 7*s. Let b be x(s). What is the greatest common divisor of 45 and b?
5
Suppose 0 = -f + 4*g - 17, 0*f - 4*g = 5*f - 35. Suppose 4*t + 1 = 5*t. Calculate the highest common divisor of t and f.
1
Let h be -3 + (4 - -1) + 53. What is the greatest common factor of 11 and h?
11
Let p(v) = v**3 + 7*v**2 + 3*v - 1. Let j be p(-6). Let w = -5 + j. What is the highest common divisor of w and 12?
12
Suppose 5*x + 74 - 954 = 0. Suppose -13 - 20 = -3*g + 3*d, 3*d = g - 1. Calculate the highest common divisor of g and x.
16
Let u be ((-5)/(-10))/(1/2). Suppose -30 - 6 = -4*r. What is the greatest common divisor of r and u?
1
Let m = 10 + -9. Let p(y) = -y**2 + y. Let s(w) = -2*w + 2. Let z(d) = m*s(d) - p(d). Let h be z(3). Calculate the highest common divisor of 10 and h.
2
Let d be 9/(-3) - 36/(-3). What is the greatest common divisor of 3 and d?
3
Let v be 9/2*80/24. Suppose -2*j - 2*u = -38, 2*j = -0*j - 4*u + 46. Calculate the greatest common factor of j and v.
15
Suppose -5*z - 18 - 12 = 0. Let i = 6 - z. Calculate the highest common factor of i and 108.
12
Suppose -l = -2*g + 12, -2*l + 5*l + 24 = 3*g. Let t be (l/(-8))/(1/36). Calculate the highest common divisor of 72 and t.
18
Let w(r) be the first derivative of 3*r**2/2 - 4*r - 1. Let x be w(8). Let q be 45/((-4)/(16/(-6))). Calculate the greatest common divisor of q and x.
10
Suppose -5*b - r + 292 = 0, 2*b + 5*r - 280 = -3*b. Suppose 0 = 4*z - b - 165. What is the highest common factor of z and 7?
7
Let t(n) = -n**2 + 5*n - 3. Let f be t(4). Let p(a) be the first derivative of 5*a**2 - a - 20. Let s be p(f). Calculate the greatest common factor of s and 36.
9
Suppose 3*q = 5*w - 25, -2*w + 3*q + 13 = -3*w. Suppose 25 = w*b + 3*b. Let d(f) = -f + 1. Let x be d(-4). Calculate the highest common divisor of b and x.
5
Suppose -4*h - 3*x = -50, 3*h + 7 = x + 38. Calculate the greatest common divisor of h and 88.
11
Let o = 37 + -18. Let z = 28 - o. What is the highest common divisor of 36 and z?
9
Let r(q) be the third derivative of 7*q**5/30 + q**4/12 - q**3/2 - q**2. Let c be r(-3). What is the highest common factor of 13 and c?
13
Let n be ((-4)/(-24)*-4)/((-2)/90). Calculate the greatest common factor of 3 and n.
3
Suppose 15 = 3*s - 48. Calculate the highest common divisor of 7 and s.
7
Let c be 15/(-45) - (-26)/6. Calculate the greatest common divisor of 44 and c.
4
Suppose -b - 2*m = -0*b - 38, 3*b - m = 135. What is the highest common divisor of 4 and b?
4
Let f = 21 + 1. Calculate the greatest common factor of f and 55.
11
Suppose 3*g - 4*o - 2 = 0, 2 + 10 = 3*o. Suppose m + 1 = 5. Calculate the greatest common factor of g and m.
2
Let u = 30 + -20. What is the greatest common divisor of u and 4?
2
Suppose -w + 3*j + 136 = -11, 0 = 3*j + 3. What is the highest common factor of 9 and w?
9
Let i be 3 + -1 - (8 + -3). Let h be (i/(-2) + -1)*0. Let w be h*(-3)/6 + 3. What is the highest common factor of w and 3?
3
Let b(u) = 2*u**2 - 4*u + 5. Let r be b(3). Calculate the greatest common factor of 1 and r.
1
Let s(u) = -u**3 - 7*u**2 - 2*u + 9. Let y be s(-7). Let j = 26 - -43. What is the greatest common divisor of y and j?
23
Suppose -64 + 169 = 5*o. What is the greatest common divisor of 14 and o?
7
Suppose -t + 2*m - 14 = 0, -4*m = t - m + 14. Let b = t - -23. What is the greatest common divisor of b and 54?
9
Let d be 110/8 - 25/(-20). Calculate the greatest common factor of d and 120.
15
Let k = 2 + 6. Let f(n) = -n**3 + 9*n**2 - 9*n + 10. Let c be f(k). Let x be (-1 - 4/(-2)) + c. What is the greatest common divisor of 3 and x?
3
Let b = 14 - 10. Let r = 12 + -2. Let n be 2/3 - r/(-3). What is the greatest common divisor of b and n?
4
Let r be (-1 - 1)/(-6)*-6. Let z = r - -19. Suppose 3*a - z - 16 = 0. Calculate the greatest common divisor of 11 and a.
11
Suppose q + 0*q - 5 = -2*t, 5*t = 4*q + 6. Suppose t*l - 5 = 5. Suppose 0*y = l*y - 90. Calculate the greatest common factor of y and 12.
6
Let w = -90 + 111. What is the greatest 